t n(y) be the second derivative of -1/20*y**5 - 1/3*y**3 + j + 2*y**2 - 5/12*y**4 - 2*y. Calculate n(-4).
-4
Suppose -d + 4 = 0, -2*a - 3*d + 5 + 23 = 0. Suppose 5*u - 2 - a = 0. Let q(w) = 0 + 0*w + w**u - 1 - 2*w**2 - w. Calculate q(0).
-1
Suppose 0*m = -4*m - s - 3, 2*s - 2 = 0. Let r be m - -4 - (0 - 2). Let d(p) = -p**2 + 3*p - 2. Calculate d(r).
-12
Let y = -10 + 5. Let n(f) = 4*f**2 + 2. Let m(l) = 7*l**2 + 3. Let g(r) = y*n(r) + 3*m(r). Suppose -c = -s - 3*s - 6, 5*c - 14 = 4*s. Determine g(c).
3
Let z(h) = 6*h**2 + 61 - h**3 - 57 - 3*h**2. Determine z(3).
4
Let n(t) be the third derivative of -t**4/24 - t**3/6 - 3*t**2. Calculate n(8).
-9
Let m(c) = 5*c**2 + 7*c + 1. Let n(y) = 3*y**2 + 4*y. Let b(o) = 4*m(o) - 7*n(o). Calculate b(-4).
-12
Let s(w) be the first derivative of 3*w**2/2 + w - 1. Suppose 0 = 5*d - 13 + 3. Suppose 3*c + 9 = -3*i, c - 21 = d*i + 6*c. Determine s(i).
7
Let b(m) = -2*m**2 - m + 1. Let n be b(-2). Let r = -9 - n. Let c(h) = -2*h**2 - 5*h + 4. Give c(r).
-8
Let y(f) = 5*f. Suppose 4 = -2*r - 0. Suppose -w = 2*w - 9. Let a = w + r. What is y(a)?
5
Let z(x) be the second derivative of -x**7/840 - x**6/180 + x**5/20 + x**4/12 - x**3/6 - x. Let l(k) be the second derivative of z(k). Calculate l(-4).
10
Let u(h) = 2*h**3 - 4*h**2 + 3*h - 2. Let z = 22 - 20. Determine u(z).
4
Suppose 4*j + 2*a = -3 - 3, -2*j + 4*a = -2. Let w(u) be the third derivative of 7*u**5/60 + u**4/24 - u**2. What is w(j)?
6
Let p be -2 - ((-3 - -3) + 0). Let i(s) = 18*s**3 + 2*s**2 + s + 2. Let w(c) = 9*c**3 + c**2 + 1. Let d(t) = p*i(t) + 5*w(t). Give d(1).
9
Let h(r) = -12*r + 1 + 5*r + 0. Let v(k) = k**3 - 2*k**2 - 2*k + 2. Let i be v(2). Let b be 0 + i - (1 + -4). What is h(b)?
-6
Suppose 10 = 5*r + 5*c - 0*c, -3*r + 5*c = -30. Let j be 1/2 + r/(-2). Let g(o) = -o + 1. What is g(j)?
3
Let q = 3 - 2. Suppose q - 13 = 3*d. Let j(b) = -5*b**3 - 3*b**2 + b + 10. Let y(z) = -6*z**3 - 3*z**2 + 11. Let k(c) = -5*j(c) + 4*y(c). What is k(d)?
-2
Let v = 301/16860 + -1/843. Let y(x) be the third derivative of 0 + 0*x - 2*x**2 + 7/6*x**3 - 1/4*x**4 + v*x**5. What is y(5)?
2
Let i(s) be the third derivative of -s**6/180 - s**5/30 - s**4/8 - s**3/3 - s**2. Let o(l) be the first derivative of i(l). Let y = -4 - -2. What is o(y)?
-3
Suppose -5*z + z = -20. Let b(l) = l**3 - 6*l**2 + 3*l + 4. Determine b(z).
-6
Let a = 28 - 13. Suppose 3*z + 9 = -2*c - 1, 0 = 3*c + a. Let r(w) = z*w - w + 2*w. Determine r(-3).
-3
Let b(t) = 21*t + 3 - 9*t + t**2 - 6*t. Suppose y = -8 + 2. Give b(y).
3
Suppose q - 7 = -0*q. Suppose -13 = -4*w + q. Let c(t) = t**2 + t - 7 - w*t + 3*t - t**3. Determine c(0).
-7
Let p = 8 + -8. Suppose -3*w + w = p. Let h(t) = -t**3 - t**2 - 3. Give h(w).
-3
Suppose -3*v = -2*v. Let h be -6 + (-16)/(v + -4). Let y(o) = -o**3 - 3*o**2 - o - 1. Give y(h).
-3
Let z(w) = -w**3 - 5*w**2 + 7*w + 1. Let t(l) = -l**2 - 5*l + 2. Let c be t(-5). Let k = -8 + c. Give z(k).
-5
Let s(l) be the third derivative of -l**7/5040 + l**6/144 - l**5/60 + l**2. Let a(j) be the third derivative of s(j). Give a(0).
5
Let c be -3*(4/(-3))/1. Let g be (c/(-5))/((-1)/5). Let y(x) be the first derivative of -x**2/2 + 8*x + 3. Give y(g).
4
Let l(j) = -5*j - 5. Let c(b) = 6*b + 6. Let d(o) = -6*c(o) - 7*l(o). Determine d(0).
-1
Let i(z) = -4 + 2 + 1 + 16*z**3 - 14*z**3 + z**2. Determine i(1).
2
Let w(p) = p**2 + 2. Suppose 7 = 2*f + 3*b, f + 4*b - 7 + 1 = 0. What is w(f)?
6
Let l = -13/2 + 7. Let k(r) be the second derivative of l*r**2 + 1/3*r**3 + 0 + 7/12*r**4 - 2*r. Determine k(-1).
6
Let p(g) = -g**2 + 12*g + 5. Suppose -3*d = -2*f - 36, -39 = -4*d - 2*f + 9. Determine p(d).
5
Let r(v) = -2*v - 4. Let f be 6 + -1 - (5 - 2). Let j be 31/f - (-2)/(-4). Suppose -4*w = -3 + j. Give r(w).
2
Let u = 21 - 15. Let l(n) = 15 - 16 - 4*n**3 + 3*n**3 - 5*n**2 - u*n. Let v = 4 - 8. Give l(v).
7
Let s = 34 + -37. Let d(l) = -6*l. Give d(s).
18
Let z(p) = -7*p**2 + p + p**3 + 0 + 1 + 1 + 5*p. Calculate z(6).
2
Suppose -5 = o - 3. Let b(a) be the first derivative of -a**5/120 - a**3/3 - 1. Let j(n) be the third derivative of b(n). Determine j(o).
2
Let r(f) = f**2 + 3*f + 2. Let t be r(-3). Let h(k) = 1 + 5*k**3 + 0*k**2 + 2*k**2 + k**2 - 2*k**t + k. Let a = 1 - 2. Determine h(a).
-4
Let c(y) = -y**3 + 2*y**2 + 4*y - 4. Let g be c(3). Suppose -5*d + d = -16. Let m(t) = -7*t + 4 - d + 1. Determine m(g).
8
Suppose -14 - 4 = 2*d. Let g = -5 - d. Let n(a) = -5*a**2 - 5*a + 3. Let o(f) = -f**2. Let x(l) = -n(l) + 6*o(l). What is x(g)?
1
Let y = 42 - 26. Let p = y + -11. Let l be 2/(12/p - 2). Let n(g) = -g**3 + 4*g**2 + 5*g + 5. Calculate n(l).
5
Let k(m) = -m - 10. Let g be k(-4). Let w(c) = -c + 1. Let x(p) = -5*p + 7. Let u(b) = g*w(b) + x(b). Calculate u(-7).
-6
Let a(j) = -6*j**3 - 4*j + 2. Let v(b) = 7*b**3 + b**2 + 4*b - 2. Let i(n) = 6*a(n) + 5*v(n). Let w be -20*1/(-2)*2. Suppose 3*g - w = -2*g. What is i(g)?
2
Let t(u) be the second derivative of u**5/20 + 7*u**4/12 + 3*u**2/2 + 15*u + 1. Let f be 7/2*(-3 + 1). What is t(f)?
3
Let l(u) = 0*u**2 + u**2 - 1 - 5. Let k(i) = 6*i - 30. Let x be k(5). Give l(x).
-6
Let m = -5 + 3. Let t(r) = 5*r + 2. Give t(m).
-8
Suppose -4*g + 5*j = -39, 5*j = -g - 0 + 41. Suppose 1 - g = -3*u. Let o(c) = u - 5 - 3*c. Determine o(-3).
9
Let u(v) = -v**3 + 6*v**2 + 8*v + 2. Let z be u(7). Let y(q) = -q**3 + 10*q**2 - 7*q - 12. Calculate y(z).
6
Let d(y) = -y**3 - y**2 + y. Let k(c) = -3*c**3 + 5*c**2 - 5*c - 1. Let b(x) = 2*d(x) - k(x). Suppose -6 = m - 2*m. Calculate b(m).
7
Let v(s) = -13*s + 1. Suppose 5 = -6*h - 1. Determine v(h).
14
Let q(p) = 2*p + 6. Let f(l) = -l - 5. Let g(k) = -4*f(k) - 3*q(k). Determine g(-3).
8
Suppose -2*r - m + 19 = 0, 4*r + 5*m = r + 32. Let s(i) = -3*i + 10. Give s(r).
-17
Let n(u) = 11*u - 4. Let t(o) = 7*o - 3. Let w(s) = -5*n(s) + 8*t(s). Determine w(9).
5
Let v(l) be the first derivative of l**3/6 + 5*l**2/2 - l + 2. Let d(w) be the first derivative of v(w). Give d(-5).
0
Let t = 17 - 15. Let p(i) = 1 - 3*i**t + 5*i**2 - 2*i**3 + 1. Let b(h) = 2*h. Let a be b(1). Calculate p(a).
-6
Let s(r) be the second derivative of -11*r**3/3 + r**2/2 - 6*r + 1. What is s(1)?
-21
Let j(q) = q + 1. Let z = 4 - 5. Let y(h) = -h + 7. Let l(r) = z*y(r) + 6*j(r). Give l(1).
6
Suppose 11*n = 9*n - 8. Let j(g) = -2*g - 2. Give j(n).
6
Let u(q) = -6 - 2 - 20*q + 2 + 18*q. Give u(-4).
2
Let c(f) = -f**3 + 3*f**2 - 2*f + 3. Suppose -2*n - 4 = 2*k - 6, 4*k + 5 = -n. Let w be c(n). Let b(u) = -4*u + u + 1 - 3*u**2 + u**2. Determine b(w).
-8
Let q(w) = 3*w - 10. Let j be q(4). Let t be -1 - (j + 0 + -2). Let l(v) = 10*v - 1. What is l(t)?
-11
Let x(i) = i**3 - i**2. Let d be ((-4)/(-6))/((-6)/18). Let y = d + 2. Determine x(y).
0
Let w = -4 + 6. Let u be (-1 + 0)/(w/4). Let j(q) be the third derivative of -q**5/60 - q**4/12 - q**3/2 + 2*q**2. Calculate j(u).
-3
Let s(z) = 6*z. Let p = -10 - -9. Give s(p).
-6
Let o(n) = n + 7. Suppose -5*c + 14 - 54 = 0. Suppose 5*b + 15 = -10. Let x = c - b. Give o(x).
4
Suppose -4*f + 18 = -5*p, f + 4 = 4*f + p. Let k(z) = 4*z**2 - 2*z**2 - 3*z**f - 5*z + z. Give k(-2).
4
Let k(h) = 6*h - 27*h + 11*h + 11*h. What is k(4)?
4
Let a(j) = j**2 - 6*j - 1. Let n(r) = 4*r**2 - 25*r - 5. Let g(p) = -9*a(p) + 2*n(p). What is g(3)?
2
Let k(r) = r - 1. Let d(u) = -2*u + 3. Let h(w) = -d(w) - 4*k(w). Calculate h(-5).
11
Let z(y) = -y**2 + 4*y. Let v(x) = x**2 - 3*x. Let q(p) = 2*v(p) + 3*z(p). Let k be 292/18 + (-4)/18. Let d = k + -11. Give q(d).
5
Let m(d) = d**3 - 13*d**2 + 9*d + 8. Let l(w) = w**3 - 12*w**2 + 8*w + 7. Let x(n) = 7*l(n) - 6*m(n). What is x(2)?
-11
Let f(r) be the first derivative of 3*r**2/2 + 6*r - 6. What is f(-4)?
-6
Let x(a) = -a - 10. Let h be x(-6). Let v(c) = c**3 + 3*c**2 - 6*c - 3. What is v(h)?
5
Suppose 5*s - 20 = -5*u, u - 2*s - 3 - 10 = 0. Let d(o) = o**2 - 5*o - 7. Calculate d(u).
7
Let t(v) be the first derivative of v**3/3 - 7*v**2/2 + 4*v - 2. Let n = -110 + 115. Determine t(n).
-6
Let y(s) = -6*s**2 - 2*s - 1. Let v be y(-1). Let g(j) = j + 3. Let t(m) = m + 2. Let h(d) = 4*g(d) - 3*t(d). What is h(v)?
1
Let z(q) be the third derivative of -q**6/120 + q**4/12 - q**3/2 + 4*q**2. Suppose -4*t = -0*t - 32. Suppose -5*y = -y - t. Calculate z(y).
-7
Let u = 1 - 0. Let b(c) = c**2